 digit of 62087?
7
What is the thousands digit of 20288?
0
What is the ten thousands digit of 17997?
1
What is the hundreds digit of 2052?
0
What is the tens digit of 463?
6
What is the thousands digit of 3483?
3
What is the hundreds digit of 428?
4
What is the hundreds digit of 2147?
1
What is the hundreds digit of 109708?
7
What is the units digit of 614?
4
What is the thousands digit of 17553?
7
What is the units digit of 1556?
6
What is the ten thousands digit of 152080?
5
What is the units digit of 2333?
3
What is the thousands digit of 8120?
8
What is the tens digit of 1445?
4
What is the hundreds digit of 7087?
0
What is the thousands digit of 14492?
4
What is the units digit of 494?
4
What is the hundreds digit of 2473?
4
What is the units digit of 1530?
0
What is the hundreds digit of 621?
6
What is the units digit of 5173?
3
What is the units digit of 2628?
8
What is the thousands digit of 1058?
1
What is the units digit of 815?
5
What is the tens digit of 2591?
9
What is the ten thousands digit of 11868?
1
What is the tens digit of 7360?
6
What is the thousands digit of 39003?
9
What is the hundreds digit of 40640?
6
What is the thousands digit of 1540?
1
What is the tens digit of 238?
3
What is the units digit of 55937?
7
What is the hundreds digit of 2610?
6
What is the hundreds digit of 19705?
7
What is the hundreds digit of 53090?
0
What is the tens digit of 4029?
2
What is the tens digit of 1363?
6
What is the units digit of 2467?
7
What is the tens digit of 504?
0
What is the thousands digit of 21191?
1
What is the tens digit of 134?
3
What is the hundreds digit of 11016?
0
What is the thousands digit of 41202?
1
What is the units digit of 967?
7
What is the tens digit of 705?
0
What is the ten thousands digit of 36663?
3
What is the tens digit of 78769?
6
What is the units digit of 132904?
4
What is the units digit of 34491?
1
What is the units digit of 8807?
7
What is the units digit of 3896?
6
What is the hundreds digit of 344?
3
What is the hundreds digit of 4554?
5
What is the hundreds digit of 9246?
2
What is the tens digit of 728?
2
What is the tens digit of 30600?
0
What is the thousands digit of 2998?
2
What is the hundreds digit of 1017?
0
What is the hundreds digit of 841?
8
What is the thousands digit of 19093?
9
What is the thousands digit of 45518?
5
What is the units digit of 12270?
0
What is the hundreds digit of 1519?
5
What is the ten thousands digit of 40348?
4
What is the units digit of 33732?
2
What is the units digit of 16988?
8
What is the hundreds digit of 50760?
7
What is the tens digit of 2659?
5
What is the tens digit of 73554?
5
What is the tens digit of 2865?
6
What is the units digit of 6695?
5
What is the units digit of 472?
2
What is the hundreds digit of 51174?
1
What is the ten thousands digit of 22188?
2
What is the units digit of 495?
5
What is the hundreds digit of 59147?
1
What is the tens digit of 3837?
3
What is the units digit of 442?
2
What is the ten thousands digit of 93672?
9
What is the thousands digit of 1704?
1
What is the hundreds digit of 49612?
6
What is the ten thousands digit of 21944?
2
What is the hundreds digit of 874?
8
What is the tens digit of 992?
9
What is the hundreds digit of 76944?
9
What is the thousands digit of 10173?
0
What is the tens digit of 9844?
4
What is the units digit of 448?
8
What is the units digit of 833?
3
What is the units digit of 1586?
6
What is the tens digit of 1922?
2
What is the tens digit of 718?
1
What is the hundreds digit of 127007?
0
What is the hundreds digit of 428?
4
What is the hundreds digit of 1355?
3
What is the units digit of 58536?
6
What is the tens digit of 4090?
9
What is the ten thousands digit of 31764?
3
What is the units digit of 2945?
5
What is the tens digit of 1924?
2
What is the tens digit of 2166?
6
What is the tens digit of 147?
4
What is the tens digit of 2158?
5
What is the units digit of 395?
5
What is the tens digit of 107436?
3
What is the tens digit of 88437?
3
What is the tens digit of 390?
9
What is the ten thousands digit of 21684?
2
What is the tens digit of 757?
5
What is the hundreds digit of 1016?
0
What is the thousands digit of 4033?
4
What is the tens digit of 16?
1
What is the tens digit of 21824?
2
What is the tens digit of 432?
3
What is the units digit of 948?
8
What is the hundreds digit of 217?
2
What is the units digit of 8350?
0
What is the tens digit of 1033?
3
What is the ten thousands digit of 31235?
3
What is the tens digit of 869?
6
What is the thousands digit of 19764?
9
What is the tens digit of 5703?
0
What is the thousands digit of 25545?
5
What is the units digit of 182?
2
What is the hundreds digit of 10580?
5
What is the tens digit of 1867?
6
What is the thousands digit of 6415?
6
What is the hundred thousands digit of 134726?
1
What is the units digit of 1705?
5
What is the units digit of 45131?
1
What is the units digit of 41820?
0
What is the thousands digit of 45999?
5
What is the ten thousands digit of 23367?
2
What is the units digit of 345?
5
What is the tens digit of 33949?
4
What is the hundreds digit of 6131?
1
What is the units digit of 15420?
0
What is the units digit of 53650?
0
What is the tens digit of 16298?
9
What is the thousands digit of 61923?
1
What is the thousands digit of 47046?
7
What is the tens digit of 343?
4
What is the tens digit of 441?
4
What is the hundreds digit of 3186?
1
What is the units digit of 9172?
2
What is the units digit of 4200?
0
What is the hundreds digit of 59716?
7
What is the tens digit of 1193?
9
What is the units digit of 174?
4
What is the hundreds digit of 31824?
8
What is the hundreds digit of 7355?
3
What is the tens digit of 888?
8
What is the tens digit of 9993?
9
What is the hundreds digit of 723?
7
What is the ten thousands digit of 11315?
1
What is the thousands digit of 79757?
9
What is the thousands digit of 4056?
4
What is the tens digit of 187754?
5
What is the hundreds digit of 748?
7
What is the ten thousands digit of 112632?
1
What is the hundred thousands digit of 104977?
1
What is the ten thousands digit of 121818?
2
What is the tens digit of 1056?
5
What is the hundreds digit of 143199?
1
What is the hundreds digit of 6856?
8
What is the thousands digit of 46131?
6
What is the ten thousands digit of 125382?
2
What is the tens digit of 723?
2
What is the thousands digit of 191421?
1
What is the units digit of 627?
7
What is the tens digit of 5683?
8
What is the thousands digit of 70576?
0
What is the hundreds digit of 50395?
3
What is the units digit of 588?
8
What is the tens digit of 1030?
3
What is the tens digit of 31514?
1
What is the hundreds digit of 4903?
9
What is the tens digit of 402?
0
What is the units digit of 1493?
3
What is the units digit of 517?
7
What is the units digit of 676?
6
What is the hundreds digit of 287?
2
What is the hundreds digit of 153?
1
What is the units digit of 841?
1
What is the tens digit of 11808?
0
What is the units digit of 3315?
5
What is the units digit of 126?
6
What is the hundreds digit of 412?
4
What is the thousands digit of 58672?
8
What is the units digit of 15570?
0
What is the units digit of 2707?
7
What is the tens digit of 64719?
1
What is the hundreds digit of 11373?
3
What is the units digit of 1167?
7
What is the thousands digit of 48391?
8
What is the tens digit of 124781?
8
What is the thousands digit of 83765?
3
What is the tens digit of 6975?
7
What is the units digit of 99041?
1
What is the ten thousands digit of 15063?
1
What is the units digit of 1622?
2
What is the tens digit of 121?
2
What is the units digit of 14164?
4
What is the thousands digit of 5370?
5
What is the thousands digit of 1842?
1
What is the hundreds digit of 2609?
6
What is the thousands digit of 8635?
8
What is the tens digit of 9858?
5
What is the ten thousands digit of 101770?
0
What is the units digit of 16679?
9
What is the hundreds digit of 2450?
4
What is the tens digit of 6779?
7
What is the hundreds digit of 1523?
5
What is the hundreds digit of 9080?
0
What is the ten thousands digit of 112195?
1
What is the ten thousands digit of 56160?
5
What is the hundreds digit of 826?
8
What is the hundreds digit of 49737?
7
What is the ten thousands digit of 24375?
2
What